be (73970/(-39))/(3 - 11/3). Let u = f - 1929. What is the hundreds digit of u?
9
Let w = 95814 - 29979. What is the thousands digit of w?
5
Let a = 20 - 28. Let l(z) = -4*z - 28. Let d be l(a). What is the units digit of 10*1/d - (-3)/2?
4
Let d(x) = 401*x + 1272. What is the hundreds digit of d(30)?
3
Let j(t) = 109*t**2 - 210*t + 60. What is the tens digit of j(12)?
3
Let w = -49 + 653. Suppose 6*z - w = 1094. What is the tens digit of z?
8
Suppose 215*y - 211*y = 2*s - 71528, 35756 = s - 4*y. What is the ten thousands digit of s?
3
Suppose 5921 = 2*h - 5*a - 1314, 4*a - 7244 = -2*h. What is the hundreds digit of h?
6
Let k = 37 - 296. Let s = -121 - k. Let m = -59 + s. What is the units digit of m?
9
What is the thousands digit of (((-3)/(-45))/(2/198))/((-4)/(-5580))?
9
Suppose -5*r + 4*x = -1, 0 = -5*r - 4*x + 3*x - 19. Let d be 46*2/4*r. What is the tens digit of 125*(d/(-15) - 4)?
7
Suppose 32839 = s + 3*u, -s + 5*u = 3*u - 32859. What is the thousands digit of s?
2
Let l be 1332/60 - ((-12)/15 - -1). Suppose -3*q = -2*c - 1063, -c - 1402 = -4*q + l. What is the units digit of q?
7
Let y = 13716 + -9166. What is the thousands digit of y?
4
Let b = 450 - 170. Suppose 7*k - 3*k = b. What is the units digit of (-12)/8*k/(-3)?
5
Let c(f) = -6453*f - 4979. What is the hundreds digit of c(-5)?
2
Let w = -143 - -146. Suppose -w*x + 5*x - 10 = 0. Suppose -1288 = -x*t - 2*t. What is the tens digit of t?
8
Let l(m) = m + 4. Let q be l(-4). Suppose 3*y + 13*y - 2960 = q. What is the tens digit of y?
8
Suppose 0 = -4*p + 44 - 1392. Let x = p + 687. What is the tens digit of x?
5
Let u(r) = -4*r**2 - 4*r + 3. Let s(o) = 11*o**2 + 12*o - 9. Let f(q) = 3*s(q) + 8*u(q). Let x be f(-6). What is the units digit of (456/x)/((-4)/(-6))?
6
Let f = -286 - -288. What is the thousands digit of (-6)/f + 11/((-33)/(-3660))?
1
Suppose 3*w + 301 = -593. Let o = -52 + w. Let d = 527 + o. What is the hundreds digit of d?
1
Let t = 338 - 330. Suppose 0 = -2*y - 2*y - t, f - 4*y - 713 = 0. What is the units digit of f?
5
Let g(j) = 18*j**2 - 6*j - 6. Let r be g(-4). Suppose -82 = 4*w + r. Let x = 167 + w. What is the tens digit of x?
7
Let g be 1/(396/(-56) + 7). Let m(t) = 7*t**2 + 23*t + 166. What is the units digit of m(g)?
6
Suppose 16 + 34 = 10*f. Suppose p = -2*p - f*o + 522, -3*p = -5*o - 552. What is the hundreds digit of p?
1
Suppose -1469 = -2*j + 249. Suppose 12*y + 115 = 163. Suppose -3*x - f = x - j, y*f + 884 = 4*x. What is the hundreds digit of x?
2
Let s = 155 + -10. Let r = s + -83. Suppose -n + 538 = 4*j, -r + 336 = 2*j - 2*n. What is the hundreds digit of j?
1
Let o(q) = -q**2 - 19*q + 20. Let y be o(-20). Let k be (-1 - y)*(-78 - 1). What is the units digit of 12/6 + k + -1?
0
Let q = -3703 - -5486. What is the hundreds digit of q?
7
Suppose -2*w + 3*z - 23 = -3*w, 4*z - 52 = -4*w. What is the units digit of w/(-3)*(-215 + 5 + 6)?
4
Suppose -3*a + 25*a - 12650 = 0. Let i = -325 + a. What is the hundreds digit of i?
2
Suppose -k + 3*w = -0*k - 8943, -8*w + 26727 = 3*k. What is the hundreds digit of k?
9
Suppose -61*s - s + 612261 = 55*s. What is the units digit of s?
3
Suppose 4*i + 360 = 2*y, 169 = y - 3*i - 8. Let q = -1 + 7. What is the tens digit of (2/(-2))/q - (-16957)/y?
9
Suppose 4*g = -2*m + 4870, -m - 4*m = 7*g - 12190. What is the tens digit of m?
4
Suppose 10086 = 2*k - 4*t, -3*k - 16*t + 15129 = -18*t. What is the hundreds digit of k?
0
Let z(g) = -g**3 - 39*g**2 - 30*g - 281. What is the thousands digit of z(-42)?
6
Let y be (3 + (-2 - 7))*-6. What is the tens digit of 5268/y - 4/(-6)?
4
Let x(u) = 95*u + 11. Let z(d) = 63*d + 7. Let q(s) = -5*x(s) + 8*z(s). Let k be q(4). Let w = 201 - k. What is the units digit of w?
4
Let g(k) = 258*k**2 - 84*k - 407. What is the hundreds digit of g(-10)?
2
Let m be 0 - (120/50)/(4/(-10)). What is the units digit of -512*m/(-4) - (-96 + 97)?
7
Suppose -2*z = 5*f + 2*z - 22, -3*f + 5*z - 9 = 0. Suppose 6 = f*p - 12. What is the tens digit of (-48)/p*84/(-8)?
5
Let v be (-20)/8*2*(-9)/15. Let t(x) = 44*x + 67. What is the units digit of t(v)?
9
Let k(j) = -135*j**3 + 6*j**2 - 6*j + 3. Let h(o) = 134*o**3 - 5*o**2 + 5*o - 2. Let r(v) = -5*h(v) - 4*k(v). What is the units digit of r(-1)?
0
Suppose 87*w = -86*w + 158*w + 117870. What is the units digit of w?
8
Let p(w) = w**3 + 9*w**2 - 2*w - 12. Let h be p(-9). Let o(i) = i**3 - 6*i**2. Let n be o(h). What is the units digit of 84/36*(21 + n)?
9
Let i(m) = 17*m**2 + 19*m - 22. Let a be i(7). Suppose -j + a = 73. What is the tens digit of j?
7
Let t = 34 - -340. Suppose -5 = -5*d, 2*m = 3*d - t + 1019. What is the hundreds digit of m?
3
What is the thousands digit of (1/3)/((-117)/(-13068432))?
7
Let z = 32582 + -11078. What is the units digit of z?
4
Suppose -6*r + 391 = -449. Suppose 2*d - r = -3*z, -5*d + 3*d + 4*z = -140. Let l = d + -68. What is the units digit of l?
2
Suppose -478 - 2846 = -4*s. Let b = 1274 - s. Let d = b + -173. What is the tens digit of d?
7
What is the hundreds digit of 2/(-14) - (15099/(-49) - 4)?
3
Let p(j) = -8*j**2 - 976*j - 43. What is the hundreds digit of p(-121)?
9
Suppose 3*i = -l + 39, 5*l - 66 = -2*i + 142. Suppose 0 = 7*z + 612 - 1151. Suppose -z = -r + l. What is the hundreds digit of r?
1
Let o = 33 - 37. What is the tens digit of 1*o/14 - (-4064)/14?
9
Let f = 21 + -11. Suppose -c + 5*c + 3*n = -3, -5*c - n + f = 0. Suppose 2*s - 4*z = 252, 5 = -c*z - 4. What is the units digit of s?
0
Suppose -5*m + 2*x - 33 = 0, 1 = 2*x + 3. Let t(v) = v**2 + 3*v - 12. Let q be t(m). Suppose -q = -g - 14. What is the units digit of g?
2
Let u be 195/(-40) + 8/(-64). What is the hundreds digit of (-4 - 15/(15/u)) + 1329?
3
What is the thousands digit of (-86244)/(-19 + (-165)/(-11))?
1
Let x = 170236 - 92646. What is the units digit of x?
0
Let i be (-4 - (-15 - 0)) + (0 - 0). Suppose 20 = i*v - 7*v. Suppose -v*z - 54 = -2*p + 87, 0 = -p + 2*z + 73. What is the tens digit of p?
8
What is the ten thousands digit of ((1 - -2) + 0)*(3486 + -43)?
1
Suppose 0 = 5*v + k - 36, -v - 12 = -0*v + 5*k. Let t be ((-3)/v)/(13/(-104)). Suppose 0 = u - t*h - 90 + 26, -120 = -2*u + 4*h. What is the tens digit of u?
5
Suppose -13 = -3*y + 5*i, -3*i - 10 = -3*y + 5. What is the hundreds digit of (9215/10 - y) + (-3)/(-6)?
9
Let y = -36 - -41. Suppose h = -y*m + 34, -181 = -5*h + 5*m - 11. Let i = -6 + h. What is the units digit of i?
8
Let i(l) = l + 1. Let y be i(1). Let a(u) = 27*u**3 - u**2 - 11*u + 11. Let c be a(1). Suppose -b + y*b = c. What is the tens digit of b?
2
Let g = 193 + 86. Let w = 191 + g. What is the hundreds digit of w?
4
Let v be (64/5)/(2/85). Suppose -20*f - v = -22*f. What is the hundreds digit of f?
2
What is the thousands digit of -2 + (-1 - 0) - (-52011 + (-6 - -58))?
1
What is the thousands digit of (100/15)/(7/29799)?
8
Let v be 305204/(-287) + 4/(-7). What is the units digit of v/(-6) + ((-290)/(-30) - 9)?
8
Suppose -12*l = -14*l + 140. Let v = l - 2. Suppose j - v = -2. What is the tens digit of j?
6
Suppose -276*h = -282*h + 19464. What is the units digit of h?
4
Let d(i) = i**2 - 8*i + 37. Let v be d(6). Let w(s) = 3*s - 49. Let z be w(v). Let k = z + 63. What is the tens digit of k?
8
Let v = 14 + -1. Suppose v*q - 2945 = 7234. What is the units digit of q?
3
Suppose -309792 + 101442 = -50*h. What is the hundreds digit of h?
1
Let m(t) = 16*t**2 + 23*t - 28. Let c be m(-14). Suppose 3*b = 4*h + c, 0 = -6*h + 3*h + 12. What is the units digit of b?
4
Suppose 0 = -2*a - 2*v + 19921 + 4953, -4*v + 28 = 0. What is the units digit of a?
0
Let d(j) = -15*j - 118. Let k be d(-8). Suppose -3*s = -k*m - 55, -3*s - s + 3*m + 72 = 0. What is the tens digit of s?
2
Let y be -1 + (2 - -1) + 3. Suppose 6*i + 43 + y = 0. What is the hundreds digit of (-1)/(i/(-572))*2*-1?
1
Suppose 45*w + 70 = 48*w - 5*g, g = -2. Suppose -w*l + 32*l = 14700. What is the thousands digit of l?
1
Let t(s) = -s**3 + 66*s**2 - 6*s - 310. What is the units digit of t(57)?
9
Suppose -66*p + 449941 = -1687205. What is the ten thousands digit of p?
3
Suppose 6*a + 98938 = 9*a - 18254. What is the units digit of a?
4
Let i(q) = 4*q + 24. Suppose 12 = 3*f - 24. Let p be i(f). Let h = p + 25. What is the units digit of h?
7
Let o(i) = -i + 3. Let d b